{"id":7,"date":"2012-12-10T01:19:24","date_gmt":"2012-12-10T01:19:24","guid":{"rendered":"http:\/\/192.168.1.218\/rial\/newsite\/?page_id=4"},"modified":"2022-06-22T16:09:51","modified_gmt":"2022-06-22T15:09:51","slug":"digital-web","status":"publish","type":"page","link":"https:\/\/studiopiccinini.teasistemi.it\/index.php\/digital-web\/","title":{"rendered":"Digital\/Web"},"content":{"rendered":"<h2><b>Scontrino certificato<\/b><\/h2>\n<p>Utilizzando il software dedicato\u00a0 \u00e8 possibile partecipare con estrema semplicit\u00e0 alla raccolta punti anche virtuale (se non presenti sulle confezioni) a concorsi a premio, premi sicuri e buoni sconto stampando un QRcode sullo scontrino (fiscale o non ) o a parte al momento del pagamento alla cassa.Il Consumatore, utilizzando apposita app, scansionando il QRcode\u00a0 potr\u00e0 partecipare ad uno degli eventi sopra menzionati previa registrazione sul sito del proponente l\u2019evento.<\/p>\n<p><img loading=\"lazy\" class=\"aligncenter wp-image-589 size-full\" src=\"http:\/\/studiopiccinini.teasistemi.it\/wp-content\/uploads\/2020\/07\/SC_2007_Rid.png\" alt=\"\" width=\"280\" height=\"717\" srcset=\"https:\/\/studiopiccinini.teasistemi.it\/wp-content\/uploads\/2020\/07\/SC_2007_Rid.png 280w, https:\/\/studiopiccinini.teasistemi.it\/wp-content\/uploads\/2020\/07\/SC_2007_Rid-117x300.png 117w\" sizes=\"(max-width: 280px) 100vw, 280px\" \/>I dati contenuti nel QRcode sono anche in chiaro per dare la possibilit\u00e0 a chi non dispone di smartphone di poterli\u00a0 inserire manualmente nel sito del proponente.\u00a0 Questa tecnica, che si basa sull\u2019unicit\u00e0 del barcode, pu\u00f2 essere utilizzata sia dalle aziende che dai supermercati per molteplici\u00a0 finalit\u00e0. La generazione di un codice criptato univoco inserito all\u2019interno del QRcode garantisce l\u2019 univocit\u00e0\u00a0 dello scontrino stesso con un elevato grado di sicurezza.\u00a0 Con questa tecnica \u00e8 possibile realizzare pi\u00f9 operazioni in modo puntuale e\u00a0 mirate anche sul singolo PDV\u00a0 o su un\u2019area delimitata senza complicazioni e senza intermediari per la generazione dei codici criptati e senza doverli trasferire all\u2019azienda proponente.<\/p>\n<p>Questa tecnologia sostituisce la raccolta fisica dei punti su supporto cartaceo, la stampa di codici univoci sulle\u00a0 confezioni, l\u2019invio di sms contenenti i dati dello scontrino o contenenti i codici, la compilazione di form su sito web per l\u2019inserimento dei dati, l\u2019invio di foto dello scontrino oltre ad eliminare ogni tipo di errore di digitalizzazione. Scopri come\u00a0 incrementare le tue vendite,\u00a0<a href=\"http:\/\/studiopiccinini.teasistemi.it\/index.php\/contatti\/\">chiedi maggiori informazioni<\/a><\/p>\n<h2><b>D.I.C. \u00e8 un sistema di generazione di tessere personalizzate digitali.<\/b><\/h2>\n<p><img loading=\"lazy\" class=\"aligncenter wp-image-583 size-full\" src=\"http:\/\/studiopiccinini.teasistemi.it\/wp-content\/uploads\/2020\/07\/DIC_Gen.Ing_..png\" alt=\"\" width=\"200\" height=\"348\" srcset=\"https:\/\/studiopiccinini.teasistemi.it\/wp-content\/uploads\/2020\/07\/DIC_Gen.Ing_..png 200w, https:\/\/studiopiccinini.teasistemi.it\/wp-content\/uploads\/2020\/07\/DIC_Gen.Ing_.-172x300.png 172w\" sizes=\"(max-width: 200px) 100vw, 200px\" \/>\u00c8 ideale per eliminare le scomode tessere fisiche, \u00e8 completamente personalizzabile e pu\u00f2 contenere informazioni dinamiche, senza che debbano essere compilate a mano per evitare costose stampe customizzate.<\/p>\n<p>Lo script studiato da noi riceve ed elabora i dati inseriti direttamente dall\u2019utente, compresa la foto personale.<\/p>\n<p>\u00c8 stata implementata anche una funzione di lettura, rigenerazione digitale ed inserimento automatico in tessera del qr-code fornito da Agenzia delle Entrate.<\/p>\n<p>Grazie alla flessibilit\u00e0 del software che lavora in cloud, DIC pu\u00f2 estendere le proprie funzionalit\u00e0 incorporando il qrcode di cui prima (utile per fatturazione elettronica sui punti vendita) e anche un barcode contenente il proprio codice fiscale, utilizzabile per la registrazione ai\u00a0 corsi, convegni, assemblee\u2026 ed in\u00a0 eventuale\u00a0 sostituzione del tesserino sanitario, quando permesso.<\/p>\n<p>Come funziona: La pagina con il form a Voi dedicato non \u00e8 pubblica (non compare alcun collegamento all&#8217;interno del sito), ma raggiungibile a questo link:<\/p>\n<p><a href=\"https:\/\/dicstore.mobi\/richiesta-dic-\">https:\/\/dicstore.mobi\/richiesta-dic-<\/a><span style=\"text-decoration: underline;\">xxxxx<\/span><\/p>\n<p>che dovrete comunicare ai Vostri iscritti insieme alla seguente password: xxxxxx ,<\/p>\n<p>Gli iscritti dovranno\u00a0 inserire\u00a0 i dati richiesti\u00a0 e inviare. Se i dati sono corretti il sistema invia al richiedente la conferma\u00a0 e invia il pdf alla segreteria dell\u2019Ordine\/Ente\/Associazione per la verifica e dopo controllo invier\u00e0 al richiedente la tessera.(il controllo \u00e8 richiesto in quanto chi compila potrebbe inserire alcuni dati non corretti).<\/p>\n<p>.All\u2019indirizzo : <a href=\"https:\/\/dicstore.mobi\/\">https:\/\/dicstore.mobi<\/a> \u00e8 disponibile una demo.<\/p>\n<p>La tessera digitale \u00e8 personalizzabile in funzione della categoria o associazione\u00a0 a cui\u00a0 \u00e8 rivolta con la possibilit\u00e0 di renderla univoca inserendo <strong>un codice criptato<\/strong> per poter accedere a servizi a pagamento e definire la durata della validit\u00e0.<\/p>\n<p><strong>Ulteriore esempio di possibile utilizzo del DIC<\/strong><br \/>\n<strong>(DHP Passaport Sanitario Digitale)<\/strong><\/p>\n<p><img loading=\"lazy\" class=\"aligncenter wp-image-606 size-full\" src=\"http:\/\/studiopiccinini.teasistemi.it\/wp-content\/uploads\/2021\/05\/Passaporto_Sanitario_Web.png\" alt=\"\" width=\"272\" height=\"458\" srcset=\"https:\/\/studiopiccinini.teasistemi.it\/wp-content\/uploads\/2021\/05\/Passaporto_Sanitario_Web.png 272w, https:\/\/studiopiccinini.teasistemi.it\/wp-content\/uploads\/2021\/05\/Passaporto_Sanitario_Web-178x300.png 178w\" sizes=\"(max-width: 272px) 100vw, 272px\" \/><\/p>\n<h2><b>Certificazione prodotto \/ tracciabilit\u00e0<\/b><\/h2>\n<p>Utilizzando un software dedicato, con apposito algoritmo, \u00e8 possibile generare un QRcode che contiene l\u2019indirizzo web del produttore e un codice identificativo alfanumerico univoco relativo al prodotto.Con apposita app, scansionando il QRcode sar\u00e0 possibile risalire a tutte le informazioni relativa a quel tipo di prodotto.Con riferimento ai prodotti alimentari, oltre all\u2019applicazione sopra menzionata, l\u2019identificazione \u00e8 possibile utilizzando data e il lotto di produzione da inserire su sito web dedicato relativo al\u00a0 produttore.<\/p>\n","protected":false},"excerpt":{"rendered":"<p>Scontrino certificato Utilizzando il software dedicato\u00a0 \u00e8 possibile partecipare con estrema semplicit\u00e0 alla raccolta punti anche virtuale (se non presenti sulle confezioni) a concorsi a premio, premi sicuri e buoni sconto stampando un QRcode sullo scontrino (fiscale o non ) o a parte al momento del pagamento alla cassa.Il Consumatore, utilizzando apposita app, scansionando il [&hellip;]<\/p>\n","protected":false},"author":1,"featured_media":0,"parent":0,"menu_order":0,"comment_status":"closed","ping_status":"closed","template":"","meta":[],"_links":{"self":[{"href":"https:\/\/studiopiccinini.teasistemi.it\/index.php\/wp-json\/wp\/v2\/pages\/7"}],"collection":[{"href":"https:\/\/studiopiccinini.teasistemi.it\/index.php\/wp-json\/wp\/v2\/pages"}],"about":[{"href":"https:\/\/studiopiccinini.teasistemi.it\/index.php\/wp-json\/wp\/v2\/types\/page"}],"author":[{"embeddable":true,"href":"https:\/\/studiopiccinini.teasistemi.it\/index.php\/wp-json\/wp\/v2\/users\/1"}],"replies":[{"embeddable":true,"href":"https:\/\/studiopiccinini.teasistemi.it\/index.php\/wp-json\/wp\/v2\/comments?post=7"}],"version-history":[{"count":9,"href":"https:\/\/studiopiccinini.teasistemi.it\/index.php\/wp-json\/wp\/v2\/pages\/7\/revisions"}],"predecessor-version":[{"id":628,"href":"https:\/\/studiopiccinini.teasistemi.it\/index.php\/wp-json\/wp\/v2\/pages\/7\/revisions\/628"}],"wp:attachment":[{"href":"https:\/\/studiopiccinini.teasistemi.it\/index.php\/wp-json\/wp\/v2\/media?parent=7"}],"curies":[{"name":"wp","href":"https:\/\/api.w.org\/{rel}","templated":true}]}}